(f)?
6
Suppose 62 = 14*w + 6. Let u(a) be the second derivative of 1/4*a**4 - 2*a**2 + 5/6*a**3 - 1/20*a**5 - a + 0. Determine u(w).
0
Suppose -12*c + 14*c = 0. Suppose 4*d + 0 - 4 = c. Let r(h) = -6*h - 1. What is r(d)?
-7
Let b(j) be the second derivative of j**4/4 - j**3/2 + j**2 + j. Let v = -4 + 8. Suppose -v*c + 16 = -2*p, -3*c = p - 2*c - 7. Give b(p).
8
Let v(p) = 1 - 304*p**2 - 1 - 2 + 308*p**2 - p. Give v(-3).
37
Let b(f) = -42140*f**3 - 2*f - 4*f**2 + 0*f + 42141*f**3 + 5. Calculate b(5).
20
Let k(m) = m**2 - 8*m + 11. Let v(t) = -t. Suppose 7 - 13 = -3*p. Let w(l) = p*v(l) + k(l). Give w(8).
-5
Let r(k) = -k**2 - k - 7. Suppose 15*i = 19*i - 16. Let m(u) = -u**3 + 4*u**2 + u - 4. Let g be m(i). Calculate r(g).
-7
Suppose -17 + 50 = 4*m + 5*w, -w + 3 = -m. Let z(p) = 3 - 6 - 3*p - 4*p - p**m + 0*p**2. Calculate z(-4).
9
Let f(j) = j**2 - 3*j - 2. Suppose 2 = 2*m, 22*m = -4*u + 21*m - 11. Give f(u).
16
Let y(n) = 5*n + 13. Let s(k) = 11*k + 27. Let h(i) = 6*s(i) - 13*y(i). Let x be h(6). Let r be x/3*(-1 - -4). Let u(a) = -3*a**3 - 2*a**2 + 1. Give u(r).
2
Let a(x) = 3*x**2 + 174 - 170 - 3*x**2 - x**2 - 5*x + 3*x**2. Give a(3).
7
Let k(v) = -6*v + 1. Let x(l) = -8*l + 2. Let d(y) = -5*k(y) + 4*x(y). Calculate d(-3).
9
Let u = 2381 - 2383. Let l(d) = 5*d + 2 + 2 - 3. Calculate l(u).
-9
Let j(s) be the third derivative of -s**8/3360 + s**6/720 - s**4/8 - 10*s**2. Let a(x) be the second derivative of j(x). What is a(1)?
-1
Let u(g) = 21 + 8*g + 23 + 2*g**2 - 58 + 16. Give u(-5).
12
Suppose -3*u + h - 21 = -2*h, 7 = -u - 4*h. Let m(q) = 5*q + 10. Calculate m(u).
-25
Suppose -2*r + 20 = -8*q + 3*q, -4*r - 26 = q. Let f = q + 30. Let i be 0 - (f/4 - 0). Let w(m) = -m**2 - 5*m - 2. Calculate w(i).
-8
Let x(p) = 3*p**2 - 8*p + 3. Let s(m) = 2*m - 53. Let d be s(29). Give x(d).
38
Let m(k) = 2*k**2 + 3*k - 2. Let w = -6 - -18. Suppose 3*p + 3*l = 60, -4*l - 15 = -4*p + 25. Let o = w - p. Give m(o).
7
Suppose -4 = 4*c - 72. Let a = c - 16. Let m(n) = -4 - 2 + n - a. Give m(5).
-2
Let w(g) = -2*g**2 - 8*g - 8. Let j be w(-4). Let o = 4 + j. Let u(p) = p**3 + 2*p**2 - 6*p - 2. Calculate u(o).
-10
Let d(w) = 2*w + 2. Let l(j) = -5*j + 8. Let g(r) = -2*d(r) - l(r). What is g(0)?
-12
Let s(f) = -9*f - 34. Let n be s(-4). Let t(m) be the second derivative of 0 - 1/20*m**5 - 1/12*m**4 - m + 0*m**3 - 4*m**n. Give t(0).
-8
Let h(x) = -33 + 63 - 32 + 3*x. What is h(4)?
10
Let y(j) = 3*j**3 - 21*j**2 - 9*j - 20. Let q(x) = 2*x**3 - 11*x**2 - 4*x - 10. Let w(d) = -5*q(d) + 3*y(d). Give w(-8).
46
Let h(u) = -51*u + u**3 + 100*u - 52*u + u**2 + 4. Let m = -48 - -45. Determine h(m).
-5
Let p(n) = -14*n**3 - 16*n**2 - 35*n + 18. Let w(m) = 5*m**3 + 6*m**2 + 12*m - 6. Let c(i) = 6*p(i) + 17*w(i). Give c(-7).
-1
Let b = 379 - 376. Let d(v) = v**3 - 2*v**2 - 5*v + 5. What is d(b)?
-1
Suppose 0 = -5*a + 4*k + 132, -a = -2*k + 7*k - 9. Suppose 22*u = 16*u + a. Let h(m) = m**3 - 4*m**2 + m + 2. Give h(u).
6
Let p(f) = -f**2 + 6*f + 18. Let o(j) = 3*j**2 - 9*j + 14. Let k be o(2). Determine p(k).
2
Let o(n) = -n - 1. Let l(z) be the third derivative of -z**4/6 - 2*z**3/3 + 6*z**2. Let h(k) = -l(k) + 3*o(k). Determine h(3).
4
Suppose 38*p - 6 = 35*p. Let j(y) = p*y**2 - 7*y + y**3 + 250 - 7*y**2 - 242. Calculate j(6).
2
Suppose 28 = 4*h + 5*m, 9*h - 4*h + 2 = 3*m. Let b(x) = -102*x - x**h + 1 - 2 + 106*x + 5. What is b(4)?
4
Let x(g) be the third derivative of 1/30*g**5 - 1/6*g**4 - 13*g**2 + 5/6*g**3 + 0*g + 0. What is x(4)?
21
Let h(v) = -10*v**3 + v + 5*v**3 + 4 - 6*v**2 + 4*v**3. Let g be h(-6). Let o(s) = -s**2 - s. Let p(y) = -y**2 + y + 2. Let a(i) = -2*o(i) + p(i). Give a(g).
0
Let b = 47 + -44. Suppose 0 = -5*s - y + 30 + 16, 0 = -b*s - y + 28. Let i(c) = -c**2 + 10*c - 7. Determine i(s).
2
Let r = 4843 - 4836. Let n(t) = -5*t**2 - 12*t + 4. Let c(g) = 4*g**2 + 11*g - 4. Let l(w) = 6*c(w) + 5*n(w). What is l(r)?
-11
Let d(t) = 19*t**2 + 1. Let h = -11 + 11. Suppose 11*f - 13*f - 2 = h. Calculate d(f).
20
Let y(x) = -2*x**2 - x - 4. Let w(h) = h**2 + 4. Let l(f) = f - 31. Let d be l(29). Let q(b) = d*y(b) - 3*w(b). Calculate q(-5).
11
Let r(i) = i - 19. Let b(v) = -8. Let m(j) = -5*b(j) + 2*r(j). Give m(-2).
-2
Suppose -2*z = -2*n + 16, -z - 3 = n - 11. Let y(p) = -p**3 + 10*p**2 - 17*p + 13. Calculate y(n).
5
Let t = -46 + 53. Let y(i) = i**3 - 7*i**2 - 2*i + 11. Let x be y(t). Let z(s) = s - 4. Let p(k) = 2. Let u(l) = -5*p(l) - 3*z(l). What is u(x)?
11
Let w(j) = j**3 + 9*j**2. Let c be 7/((-84)/(-18))*-6. Calculate w(c).
0
Let s(t) = 21*t**2 - t. Let k be s(1). Let v(y) = 7 + 12*y - k*y + 7*y. Calculate v(5).
2
Let k(m) = 3*m - 21. Let a be k(10). Let s(z) = z + 1 - 11 + a. Determine s(-3).
-4
Let a(j) = j - 12. Let d be a(6). Let v(l) = -2*l**3 - 21*l**2 - 16*l + 1. Let g(y) = y**3 + 11*y**2 + 8*y - 1. Let m(b) = 7*g(b) + 4*v(b). Calculate m(d).
9
Let w(a) = 14*a - 61. Let q(s) = 39*s - 184. Let b(i) = 4*q(i) - 11*w(i). Give b(32).
-1
Suppose -3*w - 3*l = 0, 3*w + 9*l - 4*l = -8. Let v(h) = w*h**2 - 2*h**2 - 7*h**2 + 6*h**2 + 5 - 7*h. Let t = 11 + -6. Determine v(t).
-5
Let w = 15 - 9. Suppose h + 2 = 0, 0 = -2*x + 5*h - w + 20. Let i(j) = j + 7*j - 8*j + 2 + j**x. Determine i(0).
2
Let w = -47 - -39. Let x(g) = -g**2 - 8*g + 4. Let p be x(w). Let f(o) = -3*o + 3*o - 9 + o. Give f(p).
-5
Let i = 11 - 14. Let m = 2 - i. Let l(n) = -6 + m*n - 2 + 3 - n**2. What is l(6)?
-11
Let m(k) be the first derivative of -k + 4 - k**2 - 1/3*k**3. Let w be 1 + 0 + -2 - 0. Calculate m(w).
0
Let z be (10/(-3))/(2/3). Let w(l) = 7*l + 5. Let h(r) = -6*r - 4. Let c(b) = z*h(b) - 4*w(b). Calculate c(1).
2
Let a(w) = -5*w + 9. Suppose -7 = -4*i + 2*v + 3, 10 = 2*i + 4*v. Suppose -23 = -i*l + 5*k, -4*l + 0*k + 5*k = -29. What is a(l)?
-21
Let m(a) = 91 - 154 + 75 + a. Calculate m(0).
12
Let d(q) = -q**3 - 42*q**2 - 39*q + 79. Let h be d(-41). Let g(f) = 2*f**2 - f**2 - 4 + 1 + f**3 + 3*f**2. Calculate g(h).
6
Let j(g) be the second derivative of -11*g**4/12 + g**2/2 + 17*g. What is j(-1)?
-10
Let p = 5 + -1. Let w = 9 - p. Suppose -t + 4*v - 14 = -3*t, 0 = w*t + v - 8. Let b(q) = q**2 + q. Determine b(t).
2
Let a(k) be the third derivative of k**6/60 + k**5/10 - k**4/24 - k**3 + 43*k**2. Let v(n) = 3*n**3 + 5*n**2 + n - 7. Let s(f) = -4*a(f) + 3*v(f). Give s(8).
-5
Let v(w) = -3*w**2 + 2*w**2 - 14 + 11 + w. Suppose 4*f - 5*b - 5 = 0, 6*b + 5 = 3*f + b. Determine v(f).
-3
Let v(o) = o**3 + 3*o**2 - 7*o - 4. Let l = -848 - -843. Give v(l).
-19
Let r be (-32)/40*20/8. Let d(k) be the second derivative of k**5/20 + k**4/12 + k**3/3 - k**2/2 + k. Calculate d(r).
-9
Suppose 68 = 4*a + 52. Suppose 1 = a*n - 5*n. Let r(o) = 15*o - 5. Let w(c) = -8*c + 3. Let f(u) = 3*r(u) + 5*w(u). Give f(n).
-5
Let h(y) = 0 + 1 - 2 + y - 1. Let v(b) = b - 3. Let m(l) = -5*h(l) + 3*v(l). Determine m(-1).
3
Let v(t) = 17*t - 37. Let g(r) = 9*r - 20. Let i(k) = -7*g(k) + 4*v(k). Calculate i(7).
27
Suppose -2*x - 5*i - 7 = 18, 0 = 5*x - 2*i + 48. Let y(l) = 5*l + 44. What is y(x)?
-6
Let b(i) = -i - 14. Let j(x) = -3*x - 41. Let h(a) = 7*b(a) - 2*j(a). Determine h(-11).
-5
Let l(j) = j + 2. Let s(n) = 5*n + 9. Let t(i) = -11*l(i) + 2*s(i). Determine t(13).
-17
Let y = 174 + -176. Let l(p) = -3 + p + 2 - 1 + 3. What is l(y)?
-1
Let h(b) = 8*b**3. Let d be (45/10)/((-9)/12). Let n(r) = r**3 - 3*r + 1. Let p be n(2). Let t be 2/4*d/p. Calculate h(t).
-8
Suppose -17 + 1 = 4*b. Let f(i) = -i. Let h(d) = -d**2 - 6*d - 6. Let m(x) = 2*f(x) - h(x). Determine m(b).
6
Let h(s) = -s**3 + 9*s**2 + 2*s + 20. Let b(g) = -g**3 + 5*g**2 + g + 11. Let n(t) = -11*b(t) + 6*h(t). Suppose 0 = -2*k - 2 + 4. Calculate n(k).
4
Let p(f) = -248 - 10*f + 502 - 257. Give p(5).
-53
Let q = 399 - 409. Let d(b) = b + 2. What is d(q)?
-8
Let n(o) be the first derivative of o**3/3 + 3*o**2 + o + 146. Calculate n(-7).
8
Let m(i) = -i**2 - 24*i - 140. Let p be m(-9). Let d(v) = -v**2 - 6*v - 5. Give d(p).
0
Let j(f) = -f**3 + 4*f**2 - f + 2. Let s be (-168)/(-36) + 4/(-6). Give j(s).
-2
Let a(b) = -4*b**3 + 5*b**2 + 6*b + 7. Let z(v) = -v**3 + v. Let s(h) = -a(h) + 5*z(h). Suppose -2*n - 7 = c, 6*n - 4*n + 16 = 2*c. Determine s(n).
-2
Let b be (-20)/(-35) - (-3)/((-21)/4). Let t(z) = 3*z**2 + 5*z + 27. Let g(s) = -2*s**2 - 3*s - 14.